5*r + 6. Let v be n(-4). What is the highest common divisor of v and z?
14
Suppose 0 = -31*x + 33452 - 14356 + 43679. Calculate the highest common divisor of x and 425.
25
Suppose -4*g + 126 = -5*x + 802, -140 = -x + 2*g. Calculate the highest common factor of 1540 and x.
44
Suppose 85 = x + 73. Suppose 15615 = 19*y - 10149. Calculate the greatest common factor of x and y.
12
Let w be 100/(-150)*(-2)/(2/3). Suppose -i = -5*u - 97 - 57, 140 = i + w*u. What is the greatest common factor of i and 32?
16
Suppose -8*g + 6207 = -3585. What is the greatest common divisor of g and 24?
24
Let k(t) = 170*t**2 - 32*t + 23. Let d be k(7). What is the highest common factor of 11 and d?
11
Suppose 19 = -7*k - 2, t - 30 = 5*k. Let a be (-1 - -4) + -2 - 11. Let l = a + t. What is the greatest common factor of l and 1?
1
Let j(h) = -3*h**3 + h**2 - 4*h - 3. Let k be j(-3). Let q = -71 + k. What is the greatest common divisor of q and 8?
4
Let s = -12 - -14. Suppose s*a + 4 = 0, -9 = -k + 3*a + 1. Let m(t) = t**3 - 5*t**2 - 5*t + 4. Let x be m(6). Calculate the greatest common factor of x and k.
2
Let i be (-1 - (1 - 0))*(-94 - -81). Let w be i/(-6)*(26 - 29). Suppose -4*k + 32 = 2*u - 40, -3*k + 145 = 5*u. Calculate the highest common divisor of w and u.
13
Let r(f) = 148*f + 2963. Let x be r(-20). What is the highest common factor of 615 and x?
3
Let g(u) = 2*u**3 - 7*u**2 - 3*u - 54. Let k be g(5). Calculate the highest common divisor of 822 and k.
6
Let g(i) = -3*i**2 - 379*i + 1014. Let f be g(-128). What is the greatest common divisor of 1207 and f?
17
Let n = -87 + 135. Suppose -2*a - 4*s = -3*a, -3*a = 4*s - n. Suppose -215*r + 39230 + 1486 = 46*r. Calculate the highest common divisor of r and a.
12
Let t(d) = -d**3 - 14*d**2 - 25*d + 2. Let v = 41 - 53. Let n be t(v). Calculate the greatest common divisor of n and 70.
14
Let j(i) = 2*i**2 + 125*i - 116. Let h be j(-64). Calculate the greatest common factor of 874 and h.
38
Suppose -4*c + 346 = -c - 4*y, 3*c - 338 = -4*y. Let m = c + 166. What is the greatest common divisor of m and 40?
40
Suppose -3*y + 0*n + n + 433 = 0, 434 = 3*y - 2*n. What is the highest common factor of 153 and y?
9
Suppose -8 = 2*g, 4*s + g - 4212 = -0*g. Calculate the highest common factor of 459 and s.
17
Let a be (-8 - 23/2)/((-3)/2). Let y(k) = k + 1. Let b(n) = 5*n + 26. Let x(r) = b(r) - 4*y(r). Let m be x(a). What is the highest common divisor of m and 5?
5
Let n = 54 + 252. Suppose -7*y + 122 = -3*y + 50. What is the highest common divisor of n and y?
18
Suppose -3*l = -23*x + 24*x - 865, 0 = 5*l + x - 1441. What is the greatest common divisor of 198 and l?
18
Suppose -11*v - 55*v = -2442. Calculate the highest common divisor of v and 7.
1
Suppose 4*z = -2*d - 12, -4*d + 5*z + 15 + 26 = 0. Suppose -d*x - 3*o = -3027, 3*x - 5*o - 3775 = -2*x. Calculate the highest common divisor of x and 56.
28
Let i be 42/(-84) - 26/(-4). Suppose 0 = -6*f - i*f + 3648. What is the highest common factor of f and 16?
16
Let p = -115 - -121. What is the highest common divisor of 69 and p?
3
Suppose 4*c - 4*u = -3*u + 587, -5*u = -4*c + 567. Let g = 8 + c. Calculate the highest common factor of g and 12.
12
Let u be ((3 - (-8)/(-4)) + 1)*5. Suppose -u*s + 315 + 1895 = 0. Calculate the highest common divisor of s and 26.
13
Suppose 4*t = 5*x - 1640, 49*x - 47*x - t - 653 = 0. Calculate the greatest common divisor of x and 2.
2
Let n = 618 + -279. Let k = -325 + n. What is the highest common factor of k and 49?
7
Let m be ((-57)/12 - 1)*-4. Let k = 26 - m. Let q be 19 + (-4)/4 + k. Calculate the highest common factor of q and 14.
7
Suppose -2*n + 5 + 15 = -2*r, r - 45 = -4*n. Suppose -32 = n*q - 153. Suppose 3*o - q = 10. What is the greatest common divisor of o and 7?
7
Suppose 13*y + 2867 = 10589. Calculate the highest common factor of 234 and y.
18
Let u = 226 + -124. Suppose 0 = 5*i + 12 - u. Let s(k) = -k**3 + 10*k**2 - 15*k + 4. Let z be s(8). Calculate the greatest common factor of z and i.
6
Let j = 152 - 150. Suppose j*k + 30*r - 32*r - 1218 = 0, -2*r = -4*k + 2428. What is the greatest common divisor of k and 55?
55
Suppose 5*q - 4*g - 546 = 0, 2*q = -4*g + 406 - 182. Calculate the highest common divisor of 150 and q.
10
Let i be (-707)/(-606) + (-94)/(-12). Calculate the greatest common divisor of 1557 and i.
9
Let u(i) be the second derivative of 41*i**5/20 - i**4/12 + i**3/3 - i**2 - 85*i. Let s be u(1). What is the highest common divisor of s and 360?
40
Let p = 2778 - 2774. Calculate the greatest common divisor of p and 2784.
4
Let s be ((-199)/(-2189))/((-1)/(-11))*137. What is the greatest common factor of 45347 and s?
137
Suppose 103081 - 16893 = 7*g - 5*n, -4*g + n = -49241. Calculate the highest common factor of g and 99.
33
Let x(i) = 31*i - 31. Let n be x(9). Suppose n = c + 124. What is the greatest common divisor of 186 and c?
62
Let d(g) = 4*g**2 - 5*g - 2. Let v be d(-6). Let a(w) = w**3 - 2*w**2 - 84*w + 349. Let s be a(5). What is the greatest common divisor of s and v?
4
Let o(p) = 2*p**2 - 13*p + 12. Let g be o(8). Suppose l + g = 7*l. Let u(i) = 3*i + 2. Let w be u(l). What is the greatest common factor of w and 100?
20
Let b = 10343 - -707. Calculate the greatest common divisor of 68 and b.
34
Suppose -20*q + 25*q = 25. Suppose -q*w - 143 = 2*p, -5*w - p - 147 = 2*p. Let a be 6*(-2)/4 + (-2 - w). Calculate the highest common factor of 33 and a.
11
Let v be 301 + 180/(-300) + (3 - 9/(-15)). What is the greatest common factor of v and 416?
16
Let j be (8/(-3) - -1)/(-11*1/231). What is the greatest common factor of j and 65?
5
Suppose 183 = 6*u + 69. Suppose 6*r + 416 = u*r. Calculate the highest common factor of 48 and r.
16
Let d(g) = 1632*g**2 + 24*g - 26. Let t be d(1). What is the highest common factor of 10 and t?
10
Let g(p) = 3*p**2 - 73*p - 2158. Let u be g(85). Calculate the greatest common factor of u and 13.
13
Suppose -49*v + 261000 = 38*v. What is the greatest common divisor of v and 60?
60
Let m(g) = 64*g**2 - 397*g + 34. Let c be m(11). What is the greatest common divisor of c and 9?
9
Let y = 9018 + 983. Calculate the greatest common factor of 274 and y.
137
Let d(t) = -55*t - 20. Let a be d(0). Let o be (-81)/(-2) + a/(280/21). Suppose -208 = -0*q - 4*q. What is the greatest common factor of o and q?
13
Suppose -4*f + 24 = 2*a - 6*a, -5*a - 10 = 0. Suppose f*n = 2*n + 400. Let p = -88 + n. What is the highest common divisor of p and 14?
14
Suppose 907 = 3*r + 4*t, -r + 27*t = 25*t - 289. What is the greatest common factor of r and 264?
33
Let w(c) = 2*c**2 - 19*c - 162. Let v be w(17). Calculate the highest common divisor of v and 527.
31
Let l be 430*(1 + (-3)/6). Let g = -87 + l. Calculate the highest common divisor of 320 and g.
64
Let a(l) = 190*l - 375. Let i be a(2). Calculate the greatest common divisor of i and 340.
5
Suppose 14 + 54 = -s. Let p = s + 194. Suppose -1168 = -52*j - 440. Calculate the greatest common divisor of p and j.
14
Suppose 3*t + 4*z - 6*z = 49, 3*z - 54 = -4*t. Suppose t*i - 270 = 450. Calculate the greatest common factor of i and 60.
12
Let s = -281 + 254. Let c(p) = -p**3 - 28*p**2 - 31*p - 60. Let t be c(s). Calculate the greatest common factor of t and 12.
12
Suppose -5 = -3*x - 17. Let h be x/14 + 184/7. Let k(v) = -2*v**3 - 9*v**2 - 46*v - 190. Let m be k(-5). What is the highest common divisor of m and h?
13
Let q = -10319 + 10401. Calculate the greatest common factor of q and 1271.
41
Suppose 429 = 24*d - 169 - 194. Calculate the highest common divisor of 36861 and d.
33
Let t = 8 - 12. Let o be (-348)/(-20) - t/(-10). What is the greatest common divisor of o and 221?
17
Suppose 5*i - 794 = -2*m, -79*m = -4*i - 77*m + 646. Suppose 600 = 2*n + 3*n. What is the greatest common divisor of n and i?
40
Let d = 67 + -70. Let f be (-65)/d - 16/(-48). Calculate the highest common factor of 11 and f.
11
Suppose 2*l = 5*l - 6. Suppose -l = -2*y + 24. Let s be (-1)/((-1)/(-26)*-2). What is the highest common factor of y and s?
13
Let h be (-1272)/(-156) + (-2)/13. Suppose 405 - 413 = -h*f. What is the highest common divisor of f and 41?
1
Let j = 5446 + -5314. What is the highest common factor of j and 88?
44
Let n = -3613 + 4025. What is the greatest common divisor